second derivative of -s**4/12 - 5*s**3/6 - 3*s**2/2 + 210*s. What is r(-3)?
3
Let f be 8/(-12) + 17/3. Let s(k) = 2*k**2 - 2*k**2 - 57*k - k**2 + 62*k. Calculate s(f).
0
Let l(h) = -4*h - 92. Let j(t) = -5*t - 101. Let d(z) = -6*j(z) + 7*l(z). Give d(17).
-4
Let d(a) = -a**3 - 7*a**2 - 5*a + 5. Suppose -10 = -4*p + w - 30, 0 = 2*p + 5*w + 32. Determine d(p).
-1
Let d(c) = 2*c**2 + 14*c - 3. Let m be 2 - (1 + -4 + 12). Let t be d(m). Let n(y) = 2*y + 2. Determine n(t).
-4
Let a(j) = 54*j + 25. Let v(d) = 8*d + 1. Let x(z) = a(z) - 6*v(z). Determine x(-3).
1
Let j(b) = -b**2 - 8*b + 9. Suppose 0 = 3*l + 4 - 22. Suppose 0 = -l*a - 36 - 18. What is j(a)?
0
Let b(o) = o**3 + 5*o**2 + 5*o + 6. Suppose -3*t - 20 = -8*t. Suppose 0 = -7*m + 3*m + 16. Suppose m*w + 18 = g - 2*g, -2*g = t. Give b(w).
2
Suppose -3*m - 48 = 4*k + 1, 5*m = 3*k + 44. Let v = k + 8. Let o(t) be the first derivative of -t**4/4 - 5*t**3/3 - t**2 - 5*t - 614. Give o(v).
5
Let o = 14 - 6. Let q(r) = 2*r + 5. Let a(x) = x + 1. Let s(c) = -3*a(c) + q(c). Give s(o).
-6
Let y(c) = 2*c**3 - 4*c**3 + c + 396 + 401 + 2*c**2 - 796. Suppose 3*i = -a - 2 - 2, -2 = a + 2*i. What is y(a)?
-5
Let s be 1/((-15)/16 + 1). Let p = 19 - s. Let l(n) = p*n + 6 - 1 - n + n. Determine l(-4).
-7
Let q(j) = -j**2 + 7*j + 7. Let v(y) = y. Let x(h) = -q(h) + 6*v(h). What is x(-5)?
23
Let c(k) = -k**2 + 1 + 2*k - 4*k + k. Let v be c(-2). Let q(l) = -27*l**3 + l**2 - l - 1. Give q(v).
28
Let i(m) = 6*m - 1. Let d(z) = 17*z - 2. Let w(p) = 4*d(p) - 11*i(p). Let j be -5*8/(-20) - -1. Suppose -t - 4*g = -14, j*g - 1 = 4*t + 19. Determine w(t).
-1
Let k(u) = u**3 + 5*u**2 - 5*u + 7. Let b be (-15)/(-6) - 3 - (-14)/(-4). Let n = -10 - b. Give k(n).
1
Let p(w) = -w**3 - 3*w**2 + 7*w + 5. Suppose -16 = -t + 5*t - c, -2*t - 5*c = 8. Give p(t).
-7
Let l(v) = 5 - 20 + 2 + 13*v - v**2 + 10. Determine l(14).
-17
Let d(o) be the first derivative of -o**3/3 + 2*o - 106. Determine d(2).
-2
Let j(i) = 3*i**3 + 2*i**2 - i. Suppose 14*p = -p + 150. Suppose 12*w - p = 2*w. What is j(w)?
4
Let y(n) be the third derivative of -2*n**5/15 + n**4/6 + n**3/2 + 14*n**2 - 6. Determine y(-2).
-37
Let y(t) be the third derivative of t**8/10080 + 11*t**5/15 + 11*t**2. Let r(g) be the third derivative of y(g). Determine r(1).
2
Let s be ((-156)/(-91))/((-2)/(-7)). Let b(v) = 8 - s - 5*v + 7 + 3*v. Calculate b(6).
-3
Suppose 3*k + 6 = -5*o, -8*k - 5*o = -10*k - 29. Let l(r) = -r**3 - 6*r**2 + 7*r + 2. What is l(k)?
2
Let l(w) = -w**3 - 4*w**2 - w + 1. Suppose -1 - 3 = r. Let a be l(r). Let x(h) = -h + 9. Calculate x(a).
4
Let v(x) = -x - 12*x**2 + 2*x - 20*x + 11*x**3 - 12*x**3. Calculate v(-10).
-10
Let f(d) be the third derivative of -d**7/560 + d**6/360 - 13*d**5/30 - 14*d**2. Let r(b) be the third derivative of f(b). Give r(3).
-25
Let f(t) = 11*t**3 - 13*t**2 - 1. Let v(m) = -4*m**3 + 6*m**2. Let q(y) = 3*f(y) + 8*v(y). Give q(-9).
-3
Let m(w) = 2*w**2 + 1. Let t(u) = -3*u**2 + 6*u - 10. Let a(b) = -2*m(b) - t(b). Give a(-7).
1
Let k(s) = s**3 + 8*s**2 + 8*s - 7. Suppose -w + 3*w - 3*y + 20 = 0, 45 = -5*w + 5*y. Determine k(w).
-14
Let c(s) be the first derivative of -8*s - 5*s**2 - 1/3*s**3 + 18. What is c(-9)?
1
Let h(r) = -3*r - 8*r + 0*r. Suppose -337*t = -346*t + 9. What is h(t)?
-11
Suppose 4*u + s + 55 = 0, 4*u + 19 = 5*s - 18. Let a(g) = 3*g + 17. What is a(u)?
-22
Let x(z) = 11*z - 9. Let i(u) = 13*u - 11. Let r(y) = 3*i(y) - 4*x(y). What is r(-5)?
28
Let d(i) = -2*i. Let s = 13 + -14. Let r be d(s). Let p(n) = 9*n**2 - n**3 + r*n - 9*n**2. What is p(-2)?
4
Suppose -s - 10 = 1. Let x = s - -21. Let v(d) = 4*d - 21*d**2 - 3*d - x*d**3 + 23*d**2. Give v(-1).
11
Let c(j) be the second derivative of j**5/20 + j**4/4 - j**3 - 5*j**2/2 + 152*j. Give c(-4).
3
Let j(l) = 13*l**2. Suppose -19*c - 13 = -6*c. Give j(c).
13
Let a(j) = -100*j + 202*j + 5*j**2 + j**3 - 107*j. Let k = 53 + -59. Determine a(k).
-6
Suppose -4*q = -2*i - 24, -2*i - 1 - 8 = -q. Suppose 3*z - p = -2*z - q, z = p - 5. Let x(l) = 7 + 0 + 8*l**2 - 9*l**2 + l**3. What is x(z)?
7
Let y(w) be the first derivative of -2*w**3 - 3*w**2/2 - 3*w + 92. Give y(3).
-66
Let m(c) be the first derivative of 1/3*c**3 + 7 - 3*c**2 + 2*c. Determine m(4).
-6
Let u(k) = 30*k. Let p = -421 + 420. Give u(p).
-30
Let p = 569 - 571. Let y(t) = -t**2 + 4*t - 1. Calculate y(p).
-13
Suppose n - 25 = -4*n. Let x(z) = z**3 - 4*z**2 - 6*z + 7. Let i be x(n). Let u(s) = 3*s**2 - 4*s**i - s**3 - 1 + 0*s**3. What is u(0)?
-1
Let r(c) be the second derivative of -1/20*c**5 - 6*c**2 + 0*c**4 + 12*c - 1/6*c**3 + 0. What is r(0)?
-12
Let b(w) = -4*w**3 + 10*w**2 - 4*w + 5. Let k(a) = -5*a**3 + 11*a**2 - 3*a + 5. Let s(d) = -4*b(d) + 3*k(d). Let m = -24 + 40. Let u = m + -10. What is s(u)?
1
Let v be 11 - (3 - 12/(-2)). Let q(r) be the first derivative of 3*r + 1/3*r**3 + 4 - v*r**2. Calculate q(3).
0
Let q(r) = -9*r + 1. Let j = -560 + 561. Determine q(j).
-8
Suppose -3*i - 3 = -12. Let c(p) = -4 + 367*p**2 + 7 - 724*p**2 + 358*p**2 - 3*p. Calculate c(i).
3
Let j(w) = -15*w + 2 - 2 - 2*w**2 + 35*w - 22*w. What is j(-2)?
-4
Let j(k) = k - k - 11 + k. Let d be ((-1)/(-2))/(23/230). What is j(d)?
-6
Let j(t) = -t**3 + 2*t**2 + 1. Let q(y) be the first derivative of y**2/2 - 1. Let o be q(-2). Let w be -3 + o/((-2)/5). Give j(w).
1
Suppose 2 = -0*t - 2*t. Let d(o) = 5*o**2 - 1. Let k be d(t). Let s(b) = -2 - b + b**3 - 2*b + 0 + 8 - 4*b**2. Determine s(k).
-6
Let n(z) = -13*z**2 - z. Suppose -2*q - 8 = -5*x, 0 = -2*x - 5*q - 11 - 9. Let w be x + 4 + -5 + 0. Calculate n(w).
-12
Let m(g) = g**3 - 4*g**2 + 8*g + 1. Let t(d) = -d**3 + d**2 - 2*d + 1. Let i(q) = -m(q) - 2*t(q). Give i(-3).
0
Let q(z) = -11*z + 6. Let w = -2972 - -2976. Give q(w).
-38
Let v(y) = -y**2 - 11*y - 5. Let t be v(-10). Let x(o) = 1 + 0 - o + o**2 - t*o + 1. Give x(6).
2
Let f(k) be the third derivative of -k**7/840 - k**6/90 + k**5/60 + k**4/8 + 19*k**3/6 - 9*k**2. Let z(d) be the first derivative of f(d). Determine z(-3).
-12
Let n = 290 - 288. Let a be (-4)/(-6) + (-13)/(-3). Let x(m) = -1 + 3*m + 6*m - a*m. Determine x(n).
7
Let y(t) be the third derivative of -t**5/60 - t**4/24 - t**3/3 - 325*t**2. What is y(6)?
-44
Let j(u) = 4*u + 2. Let w be j(-1). Let c be (2 + w)/(-5 - -6). Let g(m) = -m**2 - m + 3. Determine g(c).
3
Let m(s) = 2*s**3 - 3*s**2 - 2. Let h be (6*(-5)/135)/((-2)/18). Calculate m(h).
2
Let h(w) = 4*w - 5. Suppose -5*c + 2*x + 11 = x, -x = 2*c - 3. What is h(c)?
3
Let t(l) = l + 8. Suppose 2 = 10*h - 8*h. Let m(i) = -5*i + 6. Let k(q) = -q. Let n(w) = h*m(w) - 4*k(w). Let f be n(0). What is t(f)?
14
Let j(z) = z - 1. Let u(b) = 7*b**3 - 3*b - 4. Let p(x) = 29*x**3 - 13*x - 17. Let n(w) = 2*p(w) - 9*u(w). Let c be n(-1). Calculate j(c).
5
Suppose 0 = -z + 2*z - 11. Suppose y = 5*s - 46, y + y = -2*s + 16. Let i(w) = w - z + s - 4*w. What is i(2)?
-8
Let r(k) be the third derivative of k**5/20 - k**4/4 - 267*k**2. Calculate r(4).
24
Let o(k) = k + 6. Let m be o(-6). Let q(u) = 4 + 2*u + 2 - 4*u + m*u. Suppose 49*z - 53*z = -24. Determine q(z).
-6
Suppose 3*w = 4*k + 27, 9 + 16 = -4*k + w. Let i(m) = 53 + 0*m + 7*m**2 + 3*m + m**3 - 56. Determine i(k).
15
Let c(b) = b**3 - 1. Let x(p) = -2*p**3. Suppose 3*d = 7*g - 2*g - 85, -43 = -2*g + 3*d. Let a = 17 - g. Let m(j) = a*c(j) + x(j). Calculate m(0).
-3
Let g(v) = 21*v - 9*v - 3*v - 5*v - 7 + 0*v. Give g(-5).
-27
Let l(c) = 269*c**3 + 5*c**2 + 3*c - 127*c**3 + 13 - 143*c**3. Give l(6).
-5
Let d(r) = -r - 8. Let w(o) = 19*o + 20. Let y be w(-2). Suppose -3*q - 56 = -17. Let j = y - q. What is d(j)?
-3
Let p(r) = 16092*r + 1 + 0 + r**3 - 16093*r. Suppose 0 = -0*a - 3*a + k + 3, 3 = -k. Suppose 4*w + 16 = -a*g - g, -2*w - 8 = 0. What is p(g)?
1
Let k(d) be the second derivative of d**5/20 - 7*d**4/12 - d**3 - 7*d**2 + 201*d + 2. Determine k(8).
2
Suppose -5*s - 2 = -7*s. Let d(f) = 21*f**2 + 2*f**2 - 18*f**2. Calculate d(s).
5
Let i(s) = -9*s - 92. Let w be (660/(-18))/(-5)*(-3)/2. Determine i(w).
7
Let n(h) = -5*h - 3. Let b be 3 + 12/3 + -4. Let f be (-2)/((b + -1)/(-1)). Let w be f/((16/12)/(-4)). What is n(w)?
12
Let b(a) = a**2 + 6*a + 2. Suppose 12*w - 9*w = 5*g + 25, -3*g + 2*w - 16 = 0. Determine b(g).
-6
Let y = 278 - 273. Let q(v) = v**3 - 6*v**2 + v + 